{"id":1395,"date":"2025-11-10T16:32:50","date_gmt":"2025-11-10T22:32:50","guid":{"rendered":"https:\/\/www.inventorhormiga.com\/estudio\/?page_id=1395"},"modified":"2025-11-10T20:05:16","modified_gmt":"2025-11-11T02:05:16","slug":"circuitos-electronicos-digitales","status":"publish","type":"page","link":"https:\/\/www.inventorhormiga.com\/estudio\/circuitos-electronicos-digitales\/","title":{"rendered":"Circuitos electr\u00f3nicos digitales."},"content":{"rendered":"\n<p>En muchos casos alguno de nuestros proyectos requiere de dispositivos electr\u00f3nicos digitales construidos a la medida, es decir, que cumpla funciones especificas que no se encuentran disponibles en alg\u00fan producto comercial o que est\u00e1 fuera de nuestro presupuesto. Para ellos se requiere el dise\u00f1o y desarrollo de circuitos electr\u00f3nicos digitales. A continuaci\u00f3n se describe cual es el proceso m\u00e1s com\u00fan para la construcci\u00f3n de estos dispositivos:<br>Dise\u00f1o del circuito digital: Utilizamos software de dise\u00f1o electr\u00f3nico,como KiCad, para esquematizar y dise\u00f1ar nuestros circuitos digitales. Aqu\u00ed seleccionamos los componentes adecuados, como resistencias, transistores, y circuitos integrados, y los conectamos de manera que cumplan con la funcionalidad que necesitamos.<\/p>\n\n\n\n<p>Simulaci\u00f3n del circuito: Antes de pasar a la etapa de fabricaci\u00f3n, hacemos algunas simulaciones del circuito en software como Proteus. Esto nos permite verificar su funcionamiento te\u00f3rico y corregir posibles errores antes de invertir tiempo y recursos en la fabricaci\u00f3n f\u00edsica.<\/p>\n\n\n\n<p>Dise\u00f1o de la placa de circuito impreso (PCB): Utilizando el mismo software de dise\u00f1o electr\u00f3nico, trasladamos el esquem\u00e1tico a un dise\u00f1o de PCB. Aqu\u00ed colocamos los componentes en posiciones \u00f3ptimas y trazamos las pistas de conexi\u00f3n entre ellos. Adem\u00e1s, a\u00f1adimos pads para soldar los componentes y orificios de montaje.<\/p>\n\n\n\n<figure class=\"wp-block-gallery has-nested-images columns-default is-cropped wp-block-gallery-1 is-layout-flex wp-block-gallery-is-layout-flex\">\n<figure class=\"wp-block-image size-large\"><img data-recalc-dims=\"1\" loading=\"lazy\" decoding=\"async\" width=\"690\" height=\"444\" data-id=\"762\" src=\"https:\/\/i0.wp.com\/www.inventorhormiga.com\/estudio\/wp-content\/uploads\/2024\/02\/10000255034469021897531495171.jpg?resize=690%2C444&#038;ssl=1\" alt=\"\" class=\"wp-image-762\" srcset=\"https:\/\/i0.wp.com\/www.inventorhormiga.com\/estudio\/wp-content\/uploads\/2024\/02\/10000255034469021897531495171.jpg?w=690&amp;ssl=1 690w, https:\/\/i0.wp.com\/www.inventorhormiga.com\/estudio\/wp-content\/uploads\/2024\/02\/10000255034469021897531495171.jpg?resize=300%2C193&amp;ssl=1 300w, https:\/\/i0.wp.com\/www.inventorhormiga.com\/estudio\/wp-content\/uploads\/2024\/02\/10000255034469021897531495171.jpg?resize=600%2C386&amp;ssl=1 600w\" sizes=\"auto, (max-width: 690px) 100vw, 690px\" \/><figcaption class=\"wp-element-caption\">Tarjeta de desarrollo Altera Max10 FPGA<\/figcaption><\/figure>\n\n\n\n<figure class=\"wp-block-image size-full\"><img data-recalc-dims=\"1\" loading=\"lazy\" decoding=\"async\" width=\"1170\" height=\"819\" data-id=\"1417\" src=\"https:\/\/i0.wp.com\/www.inventorhormiga.com\/estudio\/wp-content\/uploads\/2025\/11\/OpenSource_Raspberry_Pi_3.jpg?resize=1170%2C819&#038;ssl=1\" alt=\"\" class=\"wp-image-1417\" srcset=\"https:\/\/i0.wp.com\/www.inventorhormiga.com\/estudio\/wp-content\/uploads\/2025\/11\/OpenSource_Raspberry_Pi_3.jpg?w=1366&amp;ssl=1 1366w, https:\/\/i0.wp.com\/www.inventorhormiga.com\/estudio\/wp-content\/uploads\/2025\/11\/OpenSource_Raspberry_Pi_3.jpg?resize=300%2C210&amp;ssl=1 300w, https:\/\/i0.wp.com\/www.inventorhormiga.com\/estudio\/wp-content\/uploads\/2025\/11\/OpenSource_Raspberry_Pi_3.jpg?resize=1024%2C717&amp;ssl=1 1024w, https:\/\/i0.wp.com\/www.inventorhormiga.com\/estudio\/wp-content\/uploads\/2025\/11\/OpenSource_Raspberry_Pi_3.jpg?resize=768%2C537&amp;ssl=1 768w\" sizes=\"auto, (max-width: 1170px) 100vw, 1170px\" \/><figcaption class=\"wp-element-caption\">Raspberry Pi y Arduino, populares en dom\u00f3tica<\/figcaption><\/figure>\n\n\n\n<figure class=\"wp-block-image size-large\"><img data-recalc-dims=\"1\" loading=\"lazy\" decoding=\"async\" width=\"991\" height=\"619\" data-id=\"759\" src=\"https:\/\/i0.wp.com\/www.inventorhormiga.com\/estudio\/wp-content\/uploads\/2024\/02\/1000025499631551674632738839.png?resize=991%2C619&#038;ssl=1\" alt=\"\" class=\"wp-image-759\" srcset=\"https:\/\/i0.wp.com\/www.inventorhormiga.com\/estudio\/wp-content\/uploads\/2024\/02\/1000025499631551674632738839.png?w=991&amp;ssl=1 991w, https:\/\/i0.wp.com\/www.inventorhormiga.com\/estudio\/wp-content\/uploads\/2024\/02\/1000025499631551674632738839.png?resize=300%2C187&amp;ssl=1 300w, https:\/\/i0.wp.com\/www.inventorhormiga.com\/estudio\/wp-content\/uploads\/2024\/02\/1000025499631551674632738839.png?resize=768%2C480&amp;ssl=1 768w, https:\/\/i0.wp.com\/www.inventorhormiga.com\/estudio\/wp-content\/uploads\/2024\/02\/1000025499631551674632738839.png?resize=600%2C375&amp;ssl=1 600w\" sizes=\"auto, (max-width: 991px) 100vw, 991px\" \/><figcaption class=\"wp-element-caption\">Dise\u00f1o y construcci\u00f3n de placas de circuito impreso<\/figcaption><\/figure>\n\n\n\n<figure class=\"wp-block-image size-large\"><img data-recalc-dims=\"1\" loading=\"lazy\" decoding=\"async\" width=\"694\" height=\"866\" data-id=\"757\" src=\"https:\/\/i0.wp.com\/www.inventorhormiga.com\/estudio\/wp-content\/uploads\/2024\/02\/1000025502922981859056801548.jpg?resize=694%2C866&#038;ssl=1\" alt=\"\" class=\"wp-image-757\" srcset=\"https:\/\/i0.wp.com\/www.inventorhormiga.com\/estudio\/wp-content\/uploads\/2024\/02\/1000025502922981859056801548.jpg?w=694&amp;ssl=1 694w, https:\/\/i0.wp.com\/www.inventorhormiga.com\/estudio\/wp-content\/uploads\/2024\/02\/1000025502922981859056801548.jpg?resize=240%2C300&amp;ssl=1 240w, https:\/\/i0.wp.com\/www.inventorhormiga.com\/estudio\/wp-content\/uploads\/2024\/02\/1000025502922981859056801548.jpg?resize=600%2C749&amp;ssl=1 600w\" sizes=\"auto, (max-width: 694px) 100vw, 694px\" \/><figcaption class=\"wp-element-caption\">Componentes electr\u00f3nicos m\u00e1s comunes.<\/figcaption><\/figure>\n<\/figure>\n\n\n\n<p>Fabricaci\u00f3n del PCB: Una vez completado el dise\u00f1o del PCB, utilizamos un servicio de fabricaci\u00f3n de PCBs o lo hacemos en el taller mediante m\u00e9todos como el de transferencia t\u00e9rmica o el fresado CNC.<br>Soldadura de componentes: Una vez que tenemos el PCB, procedemos a soldar los componentes en sus respectivos pads. Utilizamos un soldador de precisi\u00f3n y pasta de soldadura para garantizar conexiones s\u00f3lidas y duraderas.<\/p>\n\n\n\n<p>Programaci\u00f3n del dispositivo: Para dispositivos como Raspberry Pi, Arduino y CPLDs escribimos o adaptamos el c\u00f3digo necesario para que \u00e9l m\u00f3dulo realice las funciones que requerimos. Utilizamos lenguajes de programaci\u00f3n como Python, C++, Assembler o VHDL y Verilog, seg\u00fan sea necesario.<br>Pruebas y depuraci\u00f3n: Una vez montado el dispositivo, realizamos pruebas para verificar su funcionamiento. Si encontramos alg\u00fan problema, depuramos el circuito o el c\u00f3digo hasta que funcione correctamente.<\/p>\n\n\n\n<p>Este proceso de dise\u00f1o, fabricaci\u00f3n y programaci\u00f3n nos permite crear dispositivos electr\u00f3nicos propios y hechos a la medida de tus necesidades, desde simples circuitos hasta complejos sistemas integrados en un FPGA o en modulos como Raspberry Pi y Arduino.<\/p>\n","protected":false},"excerpt":{"rendered":"<p>En muchos casos alguno de nuestros proyectos requiere de dispositivos electr\u00f3nicos digitales construidos a la medida, es decir, que cumpla funciones especificas que no se encuentran disponibles en alg\u00fan producto comercial o que est\u00e1 fuera de nuestro presupuesto. Para ellos se requiere el dise\u00f1o y desarrollo de circuitos electr\u00f3nicos digitales. A continuaci\u00f3n se describe cual [&hellip;]<\/p>\n","protected":false},"author":1,"featured_media":0,"parent":0,"menu_order":0,"comment_status":"closed","ping_status":"closed","template":"","meta":{"_joinchat":[],"footnotes":""},"class_list":["post-1395","page","type-page","status-publish","hentry"],"jetpack_sharing_enabled":true,"jetpack-related-posts":[{"id":370,"url":"https:\/\/www.inventorhormiga.com\/estudio\/servicios\/","url_meta":{"origin":1395,"position":0},"title":"Servicios","author":"admin","date":"junio 27, 2023","format":false,"excerpt":"Servicios Profesionales Inventor Hormiga\u00ae. Aplicaciones m\u00f3viles (Apps) el mundo a tu alcance Tarjeta de desarrollo Altera Max10 FPGA An\u00e1lisis, Dise\u00f1o, Desarrollo, Pruebas Y Puesta En Producci\u00f3n \u00a1\u00bfEmergencia?! :O Recuperaci\u00f3n de datos \u00bf\u00a1Te ha pasado que accidentalmente borraste archivos de tu memoria USB o disco duro o qu\u00e9 una falla el\u00e9ctrica\u2026","rel":"","context":"Entrada similar","block_context":{"text":"Entrada similar","link":""},"img":{"alt_text":"","src":"https:\/\/i0.wp.com\/www.inventorhormiga.com\/estudio\/wp-content\/uploads\/2024\/07\/Apps_Programming_300X150-1.jpg?resize=350%2C200","width":350,"height":200},"classes":[]},{"id":582,"url":"https:\/\/www.inventorhormiga.com\/estudio\/programacion-de-apps\/","url_meta":{"origin":1395,"position":1},"title":"Programaci\u00f3n de Apps","author":"admin","date":"octubre 9, 2023","format":false,"excerpt":"Construimos o mejoramos la Aplicaci\u00f3n que ocupas en tu proyecto o en tu negocio. Dise\u00f1o y desarrollo de aplicaciones para ejecutarse en sistemas operativos de dispositivos m\u00f3viles, los m\u00e1s comunes: Android o iOS. La utilidad de una App es muy variada, desde el entretenimiento hasta operaciones m\u00e1s delicadas como el\u2026","rel":"","context":"Entrada similar","block_context":{"text":"Entrada similar","link":""},"img":{"alt_text":"","src":"https:\/\/i0.wp.com\/www.inventorhormiga.com\/estudio\/wp-content\/uploads\/2023\/05\/about.png?resize=350%2C200","width":350,"height":200},"classes":[]},{"id":827,"url":"https:\/\/www.inventorhormiga.com\/estudio\/data-recovery\/","url_meta":{"origin":1395,"position":2},"title":"Data Recovery","author":"admin","date":"febrero 23, 2024","format":false,"excerpt":"Para reparar un disco duro y recuperar informaci\u00f3n o archivos, se debe seguir el Proceso de recuperaci\u00f3n de datos: Solicita ayuda ahora Protecci\u00f3n del dispositivo. Diagn\u00f3stico de la falla y cotizaci\u00f3n. Reparaci\u00f3n de emergencia. Clonado o imagen. Extracci\u00f3n, reconstrucci\u00f3n y recuperaci\u00f3n de datos. Verificaci\u00f3n y correcci\u00f3n de errores. Cobro del\u2026","rel":"","context":"Entrada similar","block_context":{"text":"Entrada similar","link":""},"img":{"alt_text":"","src":"","width":0,"height":0},"classes":[]},{"id":1204,"url":"https:\/\/www.inventorhormiga.com\/estudio\/a-la-medida\/","url_meta":{"origin":1395,"position":3},"title":"A la medida","author":"admin","date":"diciembre 6, 2024","format":false,"excerpt":"Dise\u00f1o y construcci\u00f3n del prototipo que necesitas en tu proyecto de negocios, arquitectura, mercadotecnia, programaci\u00f3n, rob\u00f3tica, etc\u00e9tera. La soluci\u00f3n que resuelve requerimientos, cualquier idea de gadget o de alg\u00fan invento, las concretamos en algo real. En construcci\u00f3n ...","rel":"","context":"Entrada similar","block_context":{"text":"Entrada similar","link":""},"img":{"alt_text":"","src":"https:\/\/i0.wp.com\/www.inventorhormiga.com\/estudio\/wp-content\/uploads\/2023\/09\/Sitio_Web_En_Construccion.gif?resize=350%2C200&ssl=1","width":350,"height":200,"srcset":"https:\/\/i0.wp.com\/www.inventorhormiga.com\/estudio\/wp-content\/uploads\/2023\/09\/Sitio_Web_En_Construccion.gif?resize=350%2C200&ssl=1 1x, https:\/\/i0.wp.com\/www.inventorhormiga.com\/estudio\/wp-content\/uploads\/2023\/09\/Sitio_Web_En_Construccion.gif?resize=525%2C300&ssl=1 1.5x"},"classes":[]},{"id":3,"url":"https:\/\/www.inventorhormiga.com\/estudio\/politica-privacidad\/","url_meta":{"origin":1395,"position":4},"title":"Pol\u00edtica de privacidad","author":"admin","date":"mayo 12, 2023","format":false,"excerpt":"Qui\u00e9nes somos Nuestra direcci\u00f3n de sitio web es: https:\/\/www.inventorhormiga.com\/estudio. Comentarios Cuando los visitantes dejan comentarios en el sitio, recopilamos los datos que se muestran en el formulario de comentarios, as\u00ed como la direcci\u00f3n IP del visitante y la cadena del agente de usuario del navegador para ayudar en la detecci\u00f3n\u2026","rel":"","context":"Entrada similar","block_context":{"text":"Entrada similar","link":""},"img":{"alt_text":"","src":"","width":0,"height":0},"classes":[]}],"_links":{"self":[{"href":"https:\/\/www.inventorhormiga.com\/estudio\/wp-json\/wp\/v2\/pages\/1395","targetHints":{"allow":["GET"]}}],"collection":[{"href":"https:\/\/www.inventorhormiga.com\/estudio\/wp-json\/wp\/v2\/pages"}],"about":[{"href":"https:\/\/www.inventorhormiga.com\/estudio\/wp-json\/wp\/v2\/types\/page"}],"author":[{"embeddable":true,"href":"https:\/\/www.inventorhormiga.com\/estudio\/wp-json\/wp\/v2\/users\/1"}],"replies":[{"embeddable":true,"href":"https:\/\/www.inventorhormiga.com\/estudio\/wp-json\/wp\/v2\/comments?post=1395"}],"version-history":[{"count":4,"href":"https:\/\/www.inventorhormiga.com\/estudio\/wp-json\/wp\/v2\/pages\/1395\/revisions"}],"predecessor-version":[{"id":1419,"href":"https:\/\/www.inventorhormiga.com\/estudio\/wp-json\/wp\/v2\/pages\/1395\/revisions\/1419"}],"wp:attachment":[{"href":"https:\/\/www.inventorhormiga.com\/estudio\/wp-json\/wp\/v2\/media?parent=1395"}],"curies":[{"name":"wp","href":"https:\/\/api.w.org\/{rel}","templated":true}]}}